divisor of d and 15.
15
Suppose 8*u - 49*u + 4592 = 0. Calculate the highest common factor of 16 and u.
16
Suppose 3*m + 76 = -4*c + 245, 3*c = 4*m - 217. What is the greatest common divisor of 22 and m?
11
Suppose -4*w + 2*j + 162 = 0, 2*j + 44 = w + 8. What is the highest common factor of 476 and w?
14
Suppose 2*j - 153 = 5*j. Let c = -19 - j. Suppose -5*g - 3*q + 409 = 0, -5*g + q + 77 = -4*g. Calculate the greatest common divisor of g and c.
16
Suppose 0 = 5*s - u - 125, 5*s - 3*u + 58 = 173. What is the highest common divisor of s and 1586?
26
Suppose -4*n - 92 = 44. Let f = 46 + n. Calculate the highest common divisor of f and 24.
12
Suppose -1459 + 172 = -33*i. What is the highest common factor of i and 455?
13
Suppose -15 = 3*d - 6*d. Suppose -5*o = 3 - 13. Calculate the greatest common factor of o and d.
1
Let y(j) be the second derivative of j**5/20 + 7*j**4/6 - 5*j**3/6 - 8*j**2 - 17*j. Let g be y(-14). What is the highest common factor of 18 and g?
18
Let n = 80 - -109. Calculate the greatest common factor of 105 and n.
21
Suppose 0 = 2*d - 3*d - 3*x + 65, -2*x = -3*d + 162. What is the greatest common factor of 28 and d?
28
Suppose -38 = 10*t - 148. Let f be ((-2)/6)/(1/(-6)). Let a be f/(-2 + 48/22). Calculate the highest common factor of t and a.
11
Let d be (-21)/14*56/(-12). Suppose 529 + 605 = d*v. What is the highest common divisor of 27 and v?
27
Let z = 152 + -149. Suppose -w + 3*w - 804 = 2*y, -4*w - z*y = -1587. What is the greatest common factor of w and 21?
21
Let x(n) = n**2 - 9*n + 9. Let k = 5 + -22. Let d = 25 + k. Let q be x(d). Calculate the greatest common divisor of 8 and q.
1
Suppose -4*o - 12 = -4*j, -4*o - 3 = -15. Let m be 18/(-3) - (-26 - -14). What is the highest common factor of j and m?
6
Suppose 5*d - 66 = 5*x + 39, 69 = 4*d + x. Calculate the greatest common divisor of 78 and d.
6
Let m be (-6812)/(-20) - 6/(-15). What is the highest common factor of m and 11?
11
Suppose 0 = -0*m + 4*m - 36. Let v be -2*3/(m/(-6)). What is the highest common divisor of v and 6?
2
Let g = 578 + 486. Calculate the highest common divisor of g and 16.
8
Suppose 5*k = 2*w + k - 214, -5*k = -w + 110. Let m = -128 + 191. Suppose n = -2*n + m. Calculate the greatest common factor of w and n.
21
Suppose -111*z - 1456 = -125*z. What is the greatest common divisor of z and 13?
13
Let b = 328 + -223. What is the highest common divisor of 42 and b?
21
Suppose -5*n - 15 = -5*y, 3 + 3 = 2*y + n. Suppose -3 - 9 = d - 4*h, -y = -d - h. Suppose 3*o - 833 - 124 = d. What is the greatest common divisor of o and 29?
29
Let m be 12/48 - (-14)/8. Suppose m*k - 138 = -30. Suppose 0 = -6*d + 7*d - k. What is the highest common divisor of 36 and d?
18
Suppose -l = 4*q - 572, -q = -3*l - 148 - 8. Let x be (-628)/(-26) + (-250)/1625. Calculate the greatest common divisor of x and q.
24
Let z be (10/3)/5 + (-100)/(-12). What is the highest common divisor of 63 and z?
9
Let y = 31 - 26. Suppose y*z = 10, 5*s + 5*z = 58 + 52. Suppose 5*o = 20 - 0. What is the highest common divisor of s and o?
4
Let h be 24/8 - (-8 - 1). Suppose h = -2*f - f. Let q be 182/f*(-15 - -13). What is the highest common divisor of q and 13?
13
Let y = 21 + -14. Let q be 8 - (0 + 1 - -2). Suppose -7 = -q*u + 4*u. What is the highest common divisor of u and y?
7
Let b be (-4)/((-80)/(-30))*4*-3. Calculate the greatest common divisor of 198 and b.
18
Let o(j) = j**2 + 2*j + 3. Let d be o(-2). Suppose -2 = d*l - 20. Suppose -2*s - 4*g = -3 + 1, 3*s = -g + 23. Calculate the greatest common factor of l and s.
3
Suppose 11*a + 103 = 12*a + l, l = -4*a + 412. What is the highest common divisor of 2369 and a?
103
Let o(q) = 4*q - 8. Let j be o(3). Let r(k) = -15*k - 2. Let c be r(-2). Suppose -3*a + c + 2 = 0. Calculate the greatest common divisor of j and a.
2
Suppose 1 = f - 2. Suppose 0 = -4*d + f*y + 24, -2*y + 11 = 5*d - y. Suppose 2 = -p + 5*x, -2*x = d*x - 15. Calculate the highest common divisor of 26 and p.
13
Let c(k) = -11*k**2 - 41*k - 5. Let v be c(-3). What is the highest common divisor of v and 931?
19
Let q be 0 + (-1 - 4/8)*-8. Suppose -3*w + 2*b - q = -42, -w + 3*b + 17 = 0. What is the highest common divisor of 12 and w?
4
Let z be (-86)/(-6) - 6/(-9). Let a = z + -8. Let d(c) = 16*c**2 - 1. Let i be d(2). What is the greatest common divisor of a and i?
7
Suppose 2*t + g = 11, 3*t = -0*g - 3*g + 9. Let c be -1*(3/(0 - 3) + -287). Suppose 6*j = 15*j - c. What is the greatest common factor of j and t?
8
Let o be 6*1 - (2 - 0). Let g be -17*(4/(-3) + (-1)/(-3)). Let n be g/4 + (-1)/o. Calculate the greatest common divisor of n and 44.
4
Suppose -z + 57 = 50. What is the highest common factor of z and 7?
7
Suppose -7*x + 120 + 48 = 161*x. Let z(r) = 2*r - 1. Let n be z(4). Calculate the highest common divisor of x and n.
1
Let o(d) = -3*d - 26. Suppose -3*k = 27 + 12. Let b be o(k). What is the highest common divisor of 117 and b?
13
Suppose 0 = -o - 2*o - 3. Let p(y) = -2*y**2 - 5*y - 2. Let l be p(o). Calculate the highest common factor of 1 and l.
1
Suppose 0 = -2*k - 8, -k + 1571 = 3*s - 0*s. What is the highest common divisor of s and 21?
21
Suppose -7*r = -11 - 3. Suppose r*w - 300 = -8*w. What is the greatest common factor of w and 270?
30
Suppose 6*s = 3548 - 416. Calculate the greatest common factor of 27 and s.
9
Suppose -5*n + 3*x = -1294, 516 = -n + 3*n - 2*x. What is the greatest common factor of 26 and n?
26
Let g be (1652/(-63))/2*-9. What is the greatest common factor of 413 and g?
59
Let z(h) = h**2 + 2*h - 52. Let y be z(-15). Calculate the highest common divisor of 26 and y.
13
Let r be (-1)/(-4) - ((-215)/20 + -1). Suppose r = c + 2*c, 4*s - 76 = -c. Calculate the greatest common factor of s and 6.
6
Suppose 29*k = 24*k - 3*x + 4, x = -4*k + 6. Let h = -2 + 5. Suppose -h*b + 63 = -3*o - 0*o, -15 = 5*o. Calculate the greatest common divisor of k and b.
2
Let l be 0/2 + (-380)/(-5). What is the highest common factor of l and 114?
38
Let n be 0/(1 - 0 - 3). Let j(c) = n*c + 4 - c + 10*c + 2*c**2 - c. Let b be j(-5). What is the greatest common divisor of 35 and b?
7
Let z be (-1 - -3)/((-14)/(-84)). Let w = -19 - -91. What is the highest common factor of z and w?
12
Suppose -6*v + 227 = -7. Suppose -3*y = 3*r - v, -2*r + 53 + 1 = 4*y. What is the greatest common factor of y and 126?
14
Let i(b) = -b**3 + 16*b**2 + 4*b - 29. Let u be i(15). Suppose 8*k = -56 + u. What is the greatest common divisor of 275 and k?
25
Suppose 2*y - 2357 = c, 5*y = 11*y - 4*c - 7068. What is the highest common factor of y and 10?
10
Let z(y) = 2*y - 9. Suppose 5*i = -4*m + 41, -3*m + 2 - 14 = -i. Let j be z(i). Calculate the greatest common divisor of 72 and j.
9
Suppose 81 = b + 53. What is the highest common factor of b and 252?
28
Let d(z) = -z + 2*z + 6 + z - z. Suppose -3*b + 3 = 4*f + 19, 4*f + 16 = -5*b. Let a be d(b). What is the highest common factor of 3 and a?
3
Let i = 271 - 151. Suppose -16*b + 6*b = -150. What is the greatest common factor of b and i?
15
Let p be ((-8)/5)/((-22)/(-55)). Let w be (p - -10)*110/4. Suppose 4*z - w = 171. Calculate the highest common divisor of 12 and z.
12
Let f = -31 - 14. Let s = -19 - f. Suppose 4*a = -10 + s, -3*i + a + 68 = 0. Calculate the greatest common divisor of 60 and i.
12
Let f be (-1 - (-4)/16)*-36. Suppose 5*k + m - 43 = 0, 1 = -m - 1. Calculate the highest common factor of f and k.
9
Suppose 0 = -10*t + 57*t - 21056. What is the greatest common factor of t and 64?
64
Let o(z) = z**2 + 7*z + 5. Let h be o(-7). Suppose 0 = h*u - 234 + 24. Let j = -7 - -35. What is the greatest common factor of j and u?
14
Suppose -2*s - 5*p + 137 = 0, -8*s + 5*s + 3*p = -153. What is the greatest common divisor of 700 and s?
28
Let z be 4/32 + (1 - (-2942)/16). Calculate the greatest common divisor of 37 and z.
37
Let o be (10/(-4))/(-5)*2. Let g be 10*((-1)/o)/(-1). What is the highest common divisor of 30 and g?
10
Let x = 880 + -169. Calculate the highest common factor of x and 9.
9
Let r(u) = 2*u - 1. Let h be r(4). Let z = 5 - 1. Suppose 2*n - z*n = -154. Calculate the highest common factor of n and h.
7
Suppose -8*p - 17 + 65 = 0. Calculate the highest common divisor of p and 21.
3
Suppose -5*c + 1479 + 1446 = 0. Suppo